 y?
29
Let r = 485 + -363. What are the prime factors of r?
2, 61
Let n be (-12)/(-4)*(-1)/(-1). Suppose 0 = -3*r + 9. List the prime factors of -1 + (r - n) + 12.
11
List the prime factors of 2/11 - 0 - (-1349216)/968.
2, 17, 41
Let n be (0 - 1 - -7) + -4 + -2. Suppose 4*h + 4*f - 100 = 0, -f + 4*f + 5 = h. Suppose -5*s + s + h = n. What are the prime factors of s?
5
Let r(j) be the third derivative of -j**6/24 - j**5/60 - j**4/24 - 5*j**2. Let w be r(-1). Suppose -w*g = -g - 68. What are the prime factors of g?
17
Suppose 5*l - 2*l - 63 = 0. Let a be 2/(-6) - l/(-9). Suppose 0 = 5*d + f - 31, d - 5*f = a - 1. What are the prime factors of d?
2, 3
Suppose 68*o = 71*o - 1116. What are the prime factors of o?
2, 3, 31
Let t(p) = -57*p + 26. Let k be t(8). Let d = k + 636. What are the prime factors of d?
2, 103
Suppose -5*m = -4*m. Suppose m = 3*w + 2*w - 20. Suppose w*x + 3 = 5*x. List the prime factors of x.
3
Suppose -y - 7 = b - 4*b, 22 = 2*y + 3*b. Let k(g) = -g**2 + 3*g + 12. Let n be k(y). Suppose 0 = -n*x + 56 + 60. List the prime factors of x.
2, 29
What are the prime factors of ((-371)/(-14))/(-2*(-5)/1140)?
3, 19, 53
Let i(p) = -4*p + 6 - 8*p - 12*p. Let t be i(-2). Suppose -r - 2*k + 30 = 0, 2*r = k - 9 + t. What are the prime factors of r?
2, 3
Let n(q) = 7*q**2 - 13*q + 10. What are the prime factors of n(9)?
2, 5, 23
Let w(z) = z**2 - 10*z + 5. Let n be w(10). Suppose -70 = -s + 4*s + a, n*s + a + 118 = 0. What are the prime factors of 0 - (4 + s + -2)?
2, 11
Suppose 3*s - 7*s = 60. Let h = -7 - s. Suppose b - h - 19 = 0. What are the prime factors of b?
3
Let x = 17 + -17. Suppose -282 = -3*r - x. List the prime factors of r.
2, 47
Let y(w) = 3*w**3 - 10*w**2 + 2*w - 1. Let m = -55 - -60. What are the prime factors of y(m)?
2, 67
Let z = -91 - -229. Suppose -z = -2*i - 3*d, 3*d = i - 15 - 72. What are the prime factors of i?
3, 5
Suppose 3242 = 5*q + 3*j, -q + 4*j + 36 = -594. List the prime factors of q.
2, 17, 19
Suppose 2 = -n + 4*y, -y + 44 = -4*n + 3*y. Suppose -2*q - 3*b + 12 = -14, 2*q + 2*b = 30. Let m = q + n. What are the prime factors of m?
5
Suppose 0 = -507*x + 484*x + 28796. List the prime factors of x.
2, 313
Let g be (-4)/((-6)/(-3)) - (-2 - 351). What are the prime factors of g/3 - (3 - 2/2)?
5, 23
Let g be (2 + 0)/(-2 + 0)*-3. Suppose -2*q + 415 = g*t, -2*q = 4*t - 47 - 373. List the prime factors of q.
2, 5
Suppose 12*n - 5797 = 5183. List the prime factors of n.
3, 5, 61
Let h = 350 + -495. Let d = h + 298. List the prime factors of d.
3, 17
List the prime factors of 20/25*-199*-5.
2, 199
Suppose -k + 4 = 3. Let r be (12/2 + -4)*k. List the prime factors of r/(-6) - (-208)/12.
17
Let n be -11 - -9 - 8/(-1). Let a(g) = -10*g + 13*g - 5*g - n + g**2. List the prime factors of a(4).
2
Let c = 1654 - 1046. What are the prime factors of c?
2, 19
List the prime factors of (-4 - 0)*(0 - -2) + 3602.
2, 3, 599
Suppose 12 - 12 = 5*q. List the prime factors of (q - 10/(-5))/(2/164).
2, 41
Let d = 25 - 23. Suppose d*z = -p + 137, z + z - 5*p - 131 = 0. List the prime factors of z.
2, 17
Let k(r) = 73*r**3 - 2*r**2 + 6*r. List the prime factors of k(2).
2, 3, 7
Suppose -11715 = -13*v - 3642. What are the prime factors of v?
3, 23
Let r = 5 - 2. Suppose -q + 15 = 4*o, -r*q - o = -0*o - 12. Suppose 5*l = q*l + 3*p + 128, 2*l = -5*p + 112. List the prime factors of l.
61
Suppose 4*c = -q + 685, -23 = -2*c + 3*q + 302. Suppose 0 = 5*l - 0*l - c. Suppose 2*b - l = -2*m, 13 = 2*b + 5*m - 15. What are the prime factors of b?
19
Let v(h) = -h**3 + 13*h**2 - 22*h + 5. Let q be v(11). Let z = -24 - -12. Let n = q - z. What are the prime factors of n?
17
Suppose -5*a = 3*z + 268, 2*a - 13 = -3*z - 122. Let f = a + 127. What are the prime factors of f?
2, 37
Suppose 2*t + 16 = -2*v, -2*t - 2*v - 11 = -v. Let b be (12/36)/((-1)/t). Suppose b = -2*q + 77. List the prime factors of q.
2, 19
Let k(r) = -3*r. Let g be k(-5). Let x = 9 + g. Suppose -z - z + x = 0. List the prime factors of z.
2, 3
Suppose -57*d - 320 = -62*d. What are the prime factors of d?
2
Let c(o) = -o + 1. Let v(m) = -17*m - 49. Let a(j) = -6*c(j) - v(j). What are the prime factors of a(6)?
181
Let s(j) = j**3 + 32*j**2 - 9*j - 20. List the prime factors of s(-27).
2, 967
Let g = 27 - -161. List the prime factors of g.
2, 47
Suppose 4*i - 2*x - 74 = 0, 4*i + 5*x + 52 = 7*i. Let z = -59 + 61. Let n = i - z. List the prime factors of n.
17
Let s(x) = x**2 - x + 5. Let q be s(0). Suppose q*m + m = 504. What are the prime factors of m?
2, 3, 7
Let p be (-15)/(-6)*(-11260)/(-25). Suppose p - 22 = 3*x. List the prime factors of (0 - -3)/(24/x).
2, 23
Let s = 3 + -19. Let a = -10 - s. What are the prime factors of (3/a)/(2/84)?
3, 7
Let q = -35 + 79. Suppose -15*v + 11*v = -q. Suppose 7*n + 264 = v*n. What are the prime factors of n?
2, 3, 11
Suppose 3*v - 3*f = 81 - 12, 8 = 4*f. Let w = -38 + v. Let b(t) = -t**3 - 12*t**2 + 9*t - 8. What are the prime factors of b(w)?
2, 11
Let u = -35 + 42. Let r = u + -7. What are the prime factors of (r + (-12)/(-3))*20?
2, 5
Suppose 43*o - 13*o = 101280. What are the prime factors of o?
2, 211
Let t(l) = l**3 + 3*l**2 - 4*l + 8. Let d be t(3). Let y = d + 12. What are the prime factors of y?
2, 31
Suppose -13*m - m + 2*m = 0. Suppose -8*g + 9*g - 158 = m. What are the prime factors of g?
2, 79
Let t(i) = -i**2 - 28*i + 16. What are the prime factors of t(-26)?
2, 17
Suppose 2*u - 104468 = -39*u. List the prime factors of u.
2, 7, 13
Let i(b) = b**3 - 5*b**2 - 7*b + 14. Suppose -14*z = -16*z + 12. What are the prime factors of i(z)?
2
Let j = 6 + -115. Let n = -18 - j. What are the prime factors of n?
7, 13
What are the prime factors of -10 - (-5 - (8 + 597))?
2, 3, 5
Suppose -3*x + 449 - 143 = 0. Suppose x = 2*d - 2*p + 12, -5*d - 3*p = -249. List the prime factors of d.
2, 3
Let h = 22 - 10. Let s = -2 + h. What are the prime factors of s?
2, 5
Let f(v) = -v**3 - 5*v**2 - 5*v - 3. Let s be f(-4). Let b(u) = -34*u + 1. Let n be b(s). Let c = -16 - n. What are the prime factors of c?
17
List the prime factors of 12*(2072/(-32))/(-7).
3, 37
Let v(j) = -j**3 - j**2 - 19*j + 14. What are the prime factors of v(-8)?
2, 307
Suppose -5 = l + 7. Let o be (l/(-10))/((-18)/(-45)). Suppose 55 = 2*g - 5*a, o*g - 3*a = 24 + 45. List the prime factors of g.
2, 5
Let a = -1 - -6. Let m(r) be the third derivative of r**6/120 - r**5/20 - r**4/8 - 7*r**3/6 + 35*r**2. List the prime factors of m(a).
2, 7
Let x be (-105)/14*4/(-6). Suppose 0 = -2*z + l - x - 20, -3*z + 3*l - 39 = 0. Let c = z + 44. What are the prime factors of c?
2
Suppose 4*v - 477 - 391 = 0. Let n = -121 + v. List the prime factors of n.
2, 3
Suppose -5*i + 3*a + 30 = 0, 2 + 3 = -a. Suppose s - 100 = -4*n, 0 = -4*s + i*n + 449 - 87. List the prime factors of s.
2, 23
Let x(y) = -54*y - 24. What are the prime factors of x(-4)?
2, 3
Let n(b) = -5*b**2 + b. Let t(l) = -10*l**2 + 2*l. Let f be -1 + (-1)/(-2)*12. Let g(s) = f*n(s) - 3*t(s). What are the prime factors of g(-2)?
2, 11
Suppose 3*d = -3*t + 5400, 2*d - 303 = t - 2100. List the prime factors of t.
7, 257
Let n be 214/14 - 10/35. Let g be n/2*(-4)/(-3). Suppose 2*i - g + 2 = 0. List the prime factors of i.
2
Let v(g) = -158*g - 135. List the prime factors of v(-5).
5, 131
Let j(v) = -v - 8. Let w be j(0). Let p be 11/44 - 1358/w. Suppose -p = -2*c - 3*c. What are the prime factors of c?
2, 17
Suppose b + 3*b - 8 = 0. Suppose b*k = 4*k. Suppose k = 10*y - 8*y - 108. List the prime factors of y.
2, 3
Let a = -523 + 533. List the prime factors of a.
2, 5
Let b(h) = -h**3 - 4*h**2 - 2*h + 4. Let l be (-9)/(-15) - (-18)/(-5). Let u be b(l). What are the prime factors of (-426)/(-18) - u/(-3)?
2, 3
Suppose -4*f - 10 = -3*g, 0*f - 5*g = 5*f - 5. Let w be f/2*(-26 + -2). What are the prime factors of 32/w - (-6)/(-21)?
2
Let x(b) = b**3 - 18*b**2 + 3*b - 6. Suppose w + 62 = 4*w - 4*s, -60 = -3*w + 3*s. List the prime factors of x(w).
2, 3
Suppose 4*z - 8 = 5*k, 2*z + 0 - 18 = -k. Let b(m) = 31*m - 32. List the prime factors of b(z).
5, 37
Let v(o) = -o**3 + 30*o**2 - 56*o + 42. Suppose -2*u - 5*z - 10 = -51, -4*u - 5*z + 97 = 0. List the prime factors of v(u).
2, 3, 7
Suppose 0 = -869*r + 860*r + 7596. List the prime factors of r.
2